 is the tens digit of i(q)?
2
What is the units digit of 18990/5 - 4/6*-3?
0
Let y(b) = b**3 + 7*b**2 + 27*b + 218. What is the units digit of y(-7)?
9
Let f(i) = -i**2 + 8*i - 9. Let y = 23 - 15. Let m be f(y). What is the units digit of -3*(3 + 87/m)?
0
Let g = 1195 - 598. What is the tens digit of g?
9
Let a(v) = 3*v**3 - 7 + 0*v - v + 5 + 2*v**2. Let k = -40 - -42. What is the tens digit of a(k)?
2
Let j = -514 - -1004. Suppose -3*l + j = 2*l. Suppose 0 = 4*a - 2*t - l, a + 2*t - 118 = -3*a. What is the tens digit of a?
2
Suppose -q = 2*f - 36, -5*f + 3*q = q - 72. What is the tens digit of -3 + 0 - (-4 - f)?
1
Let l(h) = -2 - 3*h**2 + h**3 + 2 + 0 + 4. Let q be l(3). What is the tens digit of (-5)/(1*q/(-16))?
2
Let b be 0 - -2 - (-5 - -9). Let h = 2 - b. Suppose 2*z + 51 = 4*z + 5*a, -z = h*a - 21. What is the units digit of z?
3
Suppose -5*r - 6055 = -5*f, 4*f + 21*r - 4848 = 24*r. What is the thousands digit of f?
1
Let n = 44 - 43. What is the units digit of (8/(-12))/(n/(-72))?
8
Suppose l - 51 = 4*p, -22*l - 128 = -26*l - 3*p. Let w be 2 + (-1)/((-2)/4). Suppose -137 = -w*r + l. What is the tens digit of r?
4
Let b(s) = 165*s**3 - 2*s**2 - 5*s + 6. What is the hundreds digit of b(1)?
1
Let u(x) = 19*x**2 - 8*x**2 + 14*x**2 - 4*x**2 - 3*x - 1. What is the tens digit of u(-2)?
8
Let t(z) = 147*z**2 - 2*z - 16. What is the tens digit of t(4)?
2
Suppose 8*t - 7*t = 8. Suppose 2*l - 28 = -t. What is the tens digit of l?
1
Let u be 753/(6*1/8). Let l be (-4)/(-14) + (-774)/63. What is the units digit of u/16 - (-9)/l?
2
Let m = 16 - 14. Suppose -m*o + 73 = -53. What is the units digit of o?
3
Suppose 80087 = 70*g + 19187. What is the hundreds digit of g?
8
Suppose q = u - 0*u - 20, -4*u = 2*q - 56. Suppose -18*a + 96 = -u*a. What is the units digit of a?
8
Suppose -2*q + 589 = -87. Suppose -4*y + q = -5*w, 10 = -w - 4*w. What is the units digit of y?
2
What is the units digit of 314/(-4)*528/(-24)?
7
Let c(o) = 188*o + 466. What is the thousands digit of c(6)?
1
Let a = -4 + 16. Let u = 15 - a. Suppose 7*s = u*s + 44. What is the units digit of s?
1
Let d(p) = p**2 + 4*p + 1. Let f be d(-7). Let u be 3/(-21) + f/7. What is the tens digit of (26 + (u - 0))/1?
2
Let k = 734 - 83. What is the hundreds digit of k?
6
Let t(o) be the third derivative of -3*o**2 + 0*o - 1/30*o**5 - 1/60*o**6 + 0 + 0*o**3 + 0*o**4. What is the units digit of t(-2)?
8
Suppose 0 = 2*a - 0*a. Let h(d) = -11*d**2 - 5*d + 111. Let s(r) = 7*r**2 + 3*r - 74. Let n(l) = -5*h(l) - 8*s(l). What is the tens digit of n(a)?
3
Let k be 37/1 - (14 + -11). Let d = -28 + k. What is the units digit of d?
6
Suppose 0 = -o - 11 - 22. Let u = -5 - o. Suppose -3*d + 3 = -4*v, 5*d + v - u = -0*v. What is the units digit of d?
5
Suppose -3*k + 6*k + 5*m - 2916 = 0, 4*m = k - 989. What is the hundreds digit of k?
9
Let a be (-1)/(4/(-20)*-1). Let y = a - -4. Let v(k) = 5*k**2 + 1. What is the units digit of v(y)?
6
Suppose -937*m + 931*m = -7134. What is the hundreds digit of m?
1
Let d(v) = v**2 + 16*v + 260. What is the hundreds digit of d(0)?
2
Let m(k) be the first derivative of -k**4/12 - 13*k**3/6 + k**2 - 2. Let f(y) be the second derivative of m(y). What is the units digit of f(-9)?
5
What is the units digit of (332/6)/(20/750)?
5
Let r(k) = -k**3 + 12*k**2 - 16*k + 19. Let a = 8 - -2. What is the tens digit of r(a)?
5
Let o = -594 + 1169. What is the hundreds digit of o?
5
Let u be (2 + 2)*(4/(-8) + 1). Let g(d) = -d**3 + d**2 + 4. Let m be g(0). Suppose 154 = 5*f - 2*r, -m*f - 3*r + 131 = -u*r. What is the tens digit of f?
3
Suppose -5*p = -3*k, k = -p - 3*k. Suppose -4*m + 12 = -p. Suppose m*s = 7*s - 120. What is the units digit of s?
0
Suppose -1744 = 13*r - 83670. What is the hundreds digit of r?
3
Let v = 166 - 88. Suppose -r - 51 = 4*g, 3*g = -4*r - g - 192. Let s = v + r. What is the units digit of s?
1
Suppose 4*d + 18 = 5*y, 5*d = -6*y + 3*y - 4. Let b be ((-8)/10)/(d/10). What is the tens digit of 2 + 1/(b/48)?
1
Let d be (-9 + 1)/(-2) + 0. Suppose 5*z - 17 = 2*x, -1 = d*x + 2*z - 27. Suppose x*j - 13 - 51 = 0. What is the units digit of j?
6
Suppose 2*d - 6 = 5*c, 0 = -d + 2*c + 2*c + 6. Let n be (2/(-1) + 2)/d. Suppose 3*g + 7 - 19 = n. What is the units digit of g?
4
Let q = -266 - -909. What is the units digit of q?
3
Suppose -3*s = -4*s + 200. Let i = s - 32. What is the units digit of i?
8
Suppose 2*n = 10081 - 2853. What is the units digit of n?
4
Suppose 5*q = 5*o + 1120, 672 = -q + 4*q - o. Suppose 588 = 4*f + q. What is the tens digit of f?
9
Suppose -t + 3*n = -31 - 17, 2*n - 6 = 0. Let u = -41 + t. What is the units digit of u?
6
Let m(q) = 3*q**2 + 12*q + 109. What is the hundreds digit of m(-19)?
9
Let n(r) = 5*r**2 + 5*r - 17. Let l(i) = -4*i**2 - 5*i + 16. Let b(z) = -3*l(z) - 2*n(z). What is the tens digit of b(-8)?
7
Suppose 2 = -o + 12. Let l(y) = -y**2 + 12*y + 4. Let s be l(o). Suppose w - 1 = s. What is the tens digit of w?
2
Suppose -2*i + 2*g + 10 = 3*i, 2*i + 3*g - 23 = 0. Suppose -4*q + 3*q + 6 = 0. Suppose -i*u + 5*c + 156 = 0, -q*c - 68 = -2*u - c. What is the units digit of u?
4
Suppose -2*k + g + 1369 = k, -g + 911 = 2*k. What is the tens digit of k?
5
Let t(i) be the third derivative of i**4/12 + 5*i**3/2 + 12*i**2. Let y be t(-13). Let w = 0 - y. What is the tens digit of w?
1
Let q(v) = -v - 48. Let d(b) = -b - 97. Let n(u) = 4*d(u) - 9*q(u). What is the units digit of n(-8)?
4
Let d be (-21)/(-49) + (-1377)/(-21). Let q = -8 + 13. Suppose -q*u + 199 = -d. What is the units digit of u?
3
Let b = 1815 - 1555. What is the units digit of b?
0
Let s be 12*(-2 + 5 + -5). Let y be (264/20)/(6/20). Let n = s + y. What is the tens digit of n?
2
Let t = 13 - 8. Suppose t*i = i. Suppose -2*f + 20 + 46 = i. What is the tens digit of f?
3
Suppose k + 2*x = -8, -8 = 2*k - 7*k + 2*x. Suppose -j = -3*i - 243 + 903, -i + j + 220 = k. What is the tens digit of i?
2
Suppose f - 21 = 5. Let i = 183 + f. What is the hundreds digit of i?
2
Suppose j = 5*p - 519, 3*p + 3*j - 2*j - 305 = 0. What is the units digit of p?
3
Let a = -5040 + 9348. What is the hundreds digit of a?
3
Let x = -30 - -29. Let h = x + 21. What is the tens digit of h?
2
Let s = -494 + 809. What is the units digit of s?
5
Let z(s) = 2*s**2 + 2*s - 1. Let t be z(1). Suppose -195 + 9 = -t*n. What is the units digit of n?
2
Let d(o) = o + 3. Let q be d(-3). Suppose -5*f - 15 = 3*l, 5*f + q*l = 2*l - 15. What is the tens digit of 2/(-8)*(f - 65)?
1
Let c be (2 - 74) + 1 + 1. Let b = c + 144. What is the tens digit of b?
7
Suppose 11*o - 1635 = 3678. What is the hundreds digit of o?
4
Let p be (-2)/(-8)*40/5. Let o(n) = n - 85. Let f(h) = 43. Let m(c) = p*o(c) + 5*f(c). What is the tens digit of m(0)?
4
Let h be (-1 - 2)*6/(-7 + 1). Suppose -4*i + 721 = h*i. What is the units digit of i?
3
Let n = -8 + 11. Suppose -5*g = -n*g - 132. Suppose 7*m - 9*m = -g. What is the units digit of m?
3
Suppose -z = -5*g + 1324, -4*g + z + 162 + 898 = 0. What is the units digit of g?
4
Let g = 2 + -8. Let r(x) = x**3 + 8*x**2 + 5*x - 8. What is the units digit of r(g)?
4
Suppose -5*n = 171 + 159. Let c = n - -105. What is the units digit of c?
9
Let r = -13 + 18. Suppose 0 = -r*x + 144 + 51. What is the units digit of x?
9
Let v = -1037 - -1729. What is the hundreds digit of v?
6
Suppose 0 = -6*i + i + 20. Suppose i*n + 4 = 12. Suppose 0 = -2*q - n*s + 8, 2*q - 4*s = -0*q + 32. What is the units digit of q?
8
Let d = 1519 - 732. What is the tens digit of d?
8
Let j(u) be the first derivative of u**6/360 + u**5/20 + u**4/6 + u**3/3 - 3. Let o(y) be the third derivative of j(y). What is the units digit of o(-8)?
0
Let m(l) = l**3 - 17*l**2 - 18*l - 3. Let a be m(18). What is the hundreds digit of a - (828 - 0)/(-4)?
2
Suppose -f - 26 = -21. Let z = 15 + f. What is the tens digit of 15/(4 + (-37)/z)?
5
Let b(l) = l**3 - l**2 + l + 5. Let j = 2 + 15. Let m = j + -13. What is the units digit of b(m)?
7
Let m be (-1)/(-2*5/(-4630)). Let j = m - -329. What is the units digit of (j/(-8))/(4/16)?
7
Let s(j) = -28*j + 75. What is the hundreds digit of s(-13)?
4
Suppose -13*l + 16*l - 936 = 0. Suppose 4*k - 2*i = l, 4*k + 2*i = -2*i + 336. What is the units digit of k?
0
Let g(h) = -15*h + 1. Let j(u) = -u**2 + u